 of t?
1
Let v(l) = l**3 + 4*l**2 - 6*l + 4. Suppose -5*n = 0, 3*c - 2*n + 17 = 2. What is the units digit of v(c)?
9
Let m be (-9)/(-6) + (-3)/(-6). Let u = m - -6. What is the units digit of u?
8
Let h be 16/10 + 2/5. Suppose h*x = -2*r + 20, -2*x + r + 16 = 4*r. What is the units digit of x?
4
Suppose 0*b = b + 18. What is the tens digit of -3 - (2/(-1) + b)?
1
Suppose 5*h = 4*y + 26, 0 = -0*y - 2*y - 4*h. What is the units digit of y/(-2) - (-3)/1?
5
Let j = -315 + 445. What is the hundreds digit of j?
1
Let i(h) = -h**3 + 9*h**2 + 3*h - 12. Let o = -5 - -14. Let y be i(o). Suppose 0 = 3*l - y - 9. What is the units digit of l?
8
Let v be (-95)/(-15) - (-2)/(-6). Suppose 4*s - v = s. Suppose 0 = 3*g + 3, -s*l = 3*g - 2 + 1. What is the units digit of l?
2
Suppose -3 = 3*k - 0*k. What is the tens digit of 14 + 0 + 1 + k?
1
Let a(r) = -r**3 + r**2 + 1. Let b(g) = -7*g**3 + 18*g**2 + 3*g - 4. Let l(u) = -6*a(u) + b(u). What is the tens digit of l(12)?
2
Suppose t - 2*v - 23 = 0, t - 2*v = -v + 20. Suppose 2*p - p = t. What is the units digit of p?
7
Suppose 2*d + 10 = 0, 151 = -0*v + 2*v + 5*d. What is the units digit of v?
8
Suppose 5*l + 4*f + 245 = 988, -3*l - 3*f = -444. What is the tens digit of l?
5
Let g(k) = k**3 + 5*k**2 - 6*k + 7. Let f be g(-6). Let h = f + -5. Suppose -26 = -5*p - 4*a, h*a = -3*p + 9 + 7. What is the units digit of p?
6
What is the units digit of 198/12*4/1?
6
Suppose 4*p - 5*w - 31 = 0, -w = 5*p + 3*w - 49. What is the units digit of p?
9
Suppose -3*j - 2*r - 10 = 0, 4*j - 2*r + 36 = r. Let k(a) = a**3 + 8*a**2 + 9*a + 13. What is the units digit of k(j)?
1
Let m(v) = 8*v + 53. What is the tens digit of m(17)?
8
Let l(n) = -198*n. What is the units digit of l(-2)?
6
Let q be ((-123)/(-2))/((-3)/(-6)). Suppose -5*x - q = -3*o - 2*x, 41 = o - 4*x. What is the tens digit of o?
4
Let n(p) = -p**3 + 8*p**2 + p - 4. Let x be n(8). Let g = -2 + x. What is the units digit of 5*((-24)/15 + g)?
2
Let v be 1/(-4) + 15/12. Let u(p) = -2*p + 1. Let i be u(v). What is the tens digit of 12/1 - (-1 - i)?
1
Let b(o) = 17*o**2 - 3*o + 1. Let x(u) = -8*u**2 + 2*u. Let j(n) = -3*b(n) - 7*x(n). Let c be j(-4). What is the units digit of c/9 - 2/(-9)?
1
Let n be (-4)/(-6)*18/4. Suppose 0 = n*b - 10 + 4. Suppose -19 = -b*i - 7. What is the units digit of i?
6
Let k = -83 - -98. What is the tens digit of k?
1
Let y(o) = -12*o**3 - o**2 + o + 1. Suppose -5 = -0*u + 5*u. What is the units digit of y(u)?
1
Let y = 31 + -15. Suppose 3*f = 100 - y. What is the tens digit of f?
2
Let y = 5 - 1. Let u = 9 - y. What is the units digit of u?
5
Suppose -5*z + 2*q = -29, 3*q = 5*z - 36 + 5. Let f = z - -6. What is the units digit of f?
1
Let a(z) = -z**2 - 2*z - 1. Let o be a(-1). Suppose -3*k + o*k = -15. What is the units digit of -1*(-3 + k - 3)?
1
Suppose 2*k + 122 = 5*p, -2*p + k + 0*k + 49 = 0. Let a be 6/9 - p/9. What is the units digit of 4/(3/a - -2)?
8
Suppose 0 = 3*v - 4*v + 299. What is the tens digit of v?
9
Let o = -75 - -105. What is the units digit of o?
0
What is the tens digit of (2 - 5 - -4)*45?
4
Suppose 2 = -r + 2*r. Suppose -2*x + 5*s = -48, x + s - r = -2*s. What is the units digit of x?
4
Let k(u) = -3*u**3 + 3*u**2 - 1. Let a be k(2). Let n = 27 + a. What is the tens digit of n?
1
Suppose 0*z = h - 5*z - 13, -2*h + 20 = -4*z. Let j = 8 + -4. Suppose -c = j*u - h, 2*c - 2*u - 26 = -5*u. What is the units digit of c?
6
What is the tens digit of 924/2*((-16)/(-6) + -2)?
0
Suppose h + 0*h - 2*t = 33, 2*h - 70 = 5*t. What is the tens digit of h?
2
Let v = 29 + 43. Suppose -3*j + 7*j - v = 0. What is the units digit of j?
8
Let g(u) = 15*u**3 - u + 1. Suppose 0*r = 5*t + 5*r - 10, 4*t = -2*r + 6. What is the units digit of g(t)?
5
Suppose -6*o + 978 = -0*o. What is the tens digit of o?
6
Let y(g) = g**3 - g**2 + 2*g - 3. What is the units digit of y(4)?
3
Let o(y) = 4*y**2 - 1. What is the units digit of o(-1)?
3
Let w be (1 + (-3 - -2))*1. Suppose w = f - 4*n + 5, 5*f - 47 - 13 = 3*n. Suppose -g = -4*y - f, 75 = -g + 6*g + 3*y. What is the units digit of g?
5
Let f = 1 + 20. What is the tens digit of f?
2
Let i be 1 + 1 - (-24)/(-8). Let r = 0 - i. What is the units digit of r?
1
Let y = 4 - 4. Let f(d) = -d**2 + d - 1. Let x be f(y). What is the tens digit of ((-10)/3)/(x/3)?
1
Let z(o) = -7*o. Let j(l) = -4*l**3 - l**2 + l. Let g be j(1). What is the units digit of z(g)?
8
Let b(i) = 0 + 6 + 2*i**3 + 7*i + 7*i**2 + 1 - i**3. Let l be b(-6). Let z = l - -3. What is the units digit of z?
4
Let v(u) = -2*u - 1. Let w be v(-3). Suppose w*f = -0*z + 5*z + 15, 4*f - 3*z - 12 = 0. What is the units digit of f?
3
Let s = -8 + 12. Suppose -2*y - 7 = -3*t - 4, s*t = y + 4. What is the units digit of t?
1
Let j = 124 - 40. What is the tens digit of j?
8
Let q(m) = -2*m + 6. Let t(k) = 4*k - 12. Let o = 36 + -25. Let a(c) = o*q(c) + 6*t(c). What is the units digit of a(4)?
2
Let d(s) = s**2 - 7*s - 2. Let p be d(8). Suppose -p*u + 4*u - 46 = -5*i, 0 = 3*i - 4*u - 36. What is the units digit of i?
8
Let v(o) = -3*o - 13. Let g(q) = 5*q + 25. Let w(h) = -4*g(h) - 7*v(h). What is the units digit of w(12)?
3
Let l = 93 - 58. What is the tens digit of l?
3
Suppose 5*m - 2*y - 6 = 0, 0*y = -m + 2*y - 2. Suppose -m*f + 14 = 4*i - 50, -2*f + i + 74 = 0. What is the units digit of f?
6
Suppose 178 = 3*z - 83. What is the tens digit of z?
8
Let v = -6 - 0. Let u be ((-1)/(-1))/(v/(-18)). Suppose u*n - 21 = -2*s, -n + 11 = s + n. What is the units digit of s?
9
Suppose -3*o = -5*d + 56, 0*o - 20 = 2*o + d. What is the tens digit of ((-75)/12)/(3/o)?
2
Let z(d) be the first derivative of d**3/3 + d**2/2 + 2*d - 1. What is the units digit of z(-2)?
4
Suppose 50 = 5*a - 75. What is the tens digit of a?
2
Let z(n) = n**3 + 4*n**2 - 6*n - 4. Let f be z(-4). Suppose -f = -4*h + 16. What is the units digit of h?
9
Let v(l) = 10*l - 5. Let k(n) = 1. Let p(t) = -4*t**3 - t - 1. Let x be p(-1). Let u(d) = x*k(d) + v(d). What is the units digit of u(1)?
9
Let m(d) = d**2 - 2*d + 1. Let p be m(1). Let n = 3 + p. Let h = -1 + n. What is the units digit of h?
2
Let l = 7 + 4. Suppose -y = -3*j + 4*j - 1, 4*j - l = 3*y. Suppose -3*b + 12 = -3*x, 0 = j*b + 2*b - 2*x - 20. What is the units digit of b?
6
Suppose -5*b - 2*g = -308, 0 = -2*b + 4*b - g - 116. What is the units digit of b?
0
Suppose 0 = 2*d + 2*d - 280. What is the units digit of d?
0
Let h(w) = -w + 31. What is the tens digit of h(0)?
3
Let y(f) = 2*f**2 + 10*f + 9. Let c be y(-6). Suppose -3*s - o - 6 = -53, -s = -5*o - c. What is the tens digit of s?
1
Let s(z) = 2*z**2 + 8*z + 6. Let b be -2 + 2 + (-25)/5. What is the units digit of s(b)?
6
Let i(c) = 3*c**2 + 2*c - 2. Let r be i(-2). Suppose -z + 22 = r. What is the tens digit of z?
1
Let u = 14 + -10. Suppose -u*h + 15 = -h. Let y = h - -7. What is the units digit of y?
2
Suppose -2*p - 3*p - 5 = 0, 4*x - 24 = 4*p. What is the units digit of x?
5
Let r(g) = 20*g**2 + 5*g. What is the tens digit of r(-2)?
7
Let t = 244 - 15. What is the hundreds digit of t?
2
Let x(o) = 16*o + 5. What is the units digit of x(6)?
1
Let z(a) = -3*a - 7. Let l be z(-5). Suppose 3*p - 4*p = l. What is the units digit of (-27)/2*p/6?
8
Suppose 475 = 3*r - 77. What is the units digit of r?
4
Suppose -3*r = 62 - 449. What is the hundreds digit of r?
1
Let h(i) be the second derivative of i**5/20 + 5*i**4/12 - 7*i**3/6 + 3*i**2/2 - i. Let q be h(-6). Let z(x) = -x**2 + 10*x + 7. What is the tens digit of z(q)?
1
What is the units digit of ((-3)/4)/((-2)/136)?
1
What is the hundreds digit of (-705)/(-6) - 12/(-8)?
1
Let x = 22 + 14. What is the tens digit of x?
3
Let a(x) be the first derivative of x**4/4 - 2*x**3/3 - x - 2. Let r be a(2). Let n = r - -4. What is the units digit of n?
3
Let f = -1 - -5. Suppose c + 3*z + f = 28, c + z = 20. What is the units digit of c?
8
What is the units digit of (-6)/(-15)*5 + 47?
9
Let n(j) = -10*j**3 + j**2 + j - 1. Let i be n(1). Let r = i + 13. What is the units digit of r?
4
Let k(i) = i + 6. What is the units digit of k(-5)?
1
Suppose -2*r + r = 0. Let q be (-12 - -5)*(r - -1). Let t = q + 15. What is the units digit of t?
8
Suppose 5*y = g + 5 - 2, 4*y + 4*g + 12 = 0. Suppose 0 = -3*p + 6, 0 = -k - 4*p - y*p + 15. What is th